{"id":1607,"date":"2026-04-16T11:30:14","date_gmt":"2026-04-16T14:30:14","guid":{"rendered":"https:\/\/www.ci.ufpb.br\/lavid\/?post_type=evento&#038;p=1607"},"modified":"2026-04-16T13:36:46","modified_gmt":"2026-04-16T16:36:46","slug":"workshop-wikilibras-traducao-de-sentencas","status":"publish","type":"evento","link":"https:\/\/www.ci.ufpb.br\/lavid\/evento\/workshop-wikilibras-traducao-de-sentencas\/","title":{"rendered":"Workshop WikiLibras: Tradu\u00e7\u00e3o de Senten\u00e7as"},"content":{"rendered":"\n<p>Domine as t\u00e9cnicas de tradu\u00e7\u00e3o do Portugu\u00eas para Libras dentro da plataforma. Focaremos em como estruturar senten\u00e7as que fa\u00e7am sentido gramatical e contextual para o avatar, melhorando a fluidez da comunica\u00e7\u00e3o para milhares de usu\u00e1rios.<\/p>\n\n\n\n<p><strong>Programa\u00e7\u00e3o<\/strong><\/p>\n\n\n\n<p>08:00 | Abertura e Apresenta\u00e7\u00e3o<\/p>\n\n\n\n<p>08:30 | Treinamento \u2013 M\u00f3dulo: Revis\u00e3o e Valida\u00e7\u00e3o de Tradu\u00e7\u00f5es<\/p>\n\n\n\n<p>10:00 | Oficina Colaborativa<\/p>\n\n\n\n<p>11:30 | Sess\u00e3o de Perguntas e Respostas<\/p>\n","protected":false},"excerpt":{"rendered":"<p>Domine as t\u00e9cnicas de tradu\u00e7\u00e3o do Portugu\u00eas para Libras dentro da plataforma. Focaremos em como [&hellip;]<\/p>\n","protected":false},"featured_media":1605,"template":"","meta":{"_acf_changed":false,"footnotes":""},"class_list":["post-1607","evento","type-evento","status-publish","has-post-thumbnail","hentry"],"acf":[],"_links":{"self":[{"href":"https:\/\/www.ci.ufpb.br\/lavid\/wp-json\/wp\/v2\/evento\/1607","targetHints":{"allow":["GET"]}}],"collection":[{"href":"https:\/\/www.ci.ufpb.br\/lavid\/wp-json\/wp\/v2\/evento"}],"about":[{"href":"https:\/\/www.ci.ufpb.br\/lavid\/wp-json\/wp\/v2\/types\/evento"}],"version-history":[{"count":1,"href":"https:\/\/www.ci.ufpb.br\/lavid\/wp-json\/wp\/v2\/evento\/1607\/revisions"}],"predecessor-version":[{"id":1608,"href":"https:\/\/www.ci.ufpb.br\/lavid\/wp-json\/wp\/v2\/evento\/1607\/revisions\/1608"}],"wp:featuredmedia":[{"embeddable":true,"href":"https:\/\/www.ci.ufpb.br\/lavid\/wp-json\/wp\/v2\/media\/1605"}],"wp:attachment":[{"href":"https:\/\/www.ci.ufpb.br\/lavid\/wp-json\/wp\/v2\/media?parent=1607"}],"curies":[{"name":"wp","href":"https:\/\/api.w.org\/{rel}","templated":true}]}}

Workshop WikiLibras: Tradução de Sentenças

<p>Domine as técnicas de tradução do Português para Libras dentro da plataforma. Focaremos em como estruturar sentenças que façam sentido gramatical e contextual para o avatar, melhorando a fluidez da comunicação para milhares de usuários.</p>



<p><strong>Programação</strong></p>



<p>08:00 | Abertura e Apresentação</p>



<p>08:30 | Treinamento – Módulo: Revisão e Validação de Traduções</p>



<p>10:00 | Oficina Colaborativa</p>



<p>11:30 | Sessão de Perguntas e Respostas</p>

<p>Domine as técnicas de tradução do Português para Libras dentro da plataforma. Focaremos em como [&hellip;]</p>
