{"id":1459,"date":"2025-11-06T16:55:38","date_gmt":"2025-11-06T19:55:38","guid":{"rendered":"https:\/\/www.ci.ufpb.br\/lavid\/?post_type=edital&#038;p=1459"},"modified":"2026-04-14T12:00:47","modified_gmt":"2026-04-14T15:00:47","slug":"edital-05-2025-npe-lavid","status":"publish","type":"edital","link":"https:\/\/www.ci.ufpb.br\/lavid\/edital\/edital-05-2025-npe-lavid\/","title":{"rendered":"EDITAL N\u00ba 05\/2025-NPE\/LAVID &#8211; PROCESSO SELETIVO PARA PESQUISADORES DO VLIBRAS"},"content":{"rendered":"\n<p>O N\u00facleo de Pesquisa e Extens\u00e3o LAVID do Centro de Inform\u00e1tica da Universidade Federal da Para\u00edba (LAVID\/CI\/UFPB), torna p\u00fablico o Processo Seletivo para preenchimento de Vagas e Cadastro Reserva de Pesquisadores para atua\u00e7\u00e3o no projeto &#8220;Estudo e Investiga\u00e7\u00e3o sobre Melhorias da Naturalidade, Expressividade e Qualidade de Tradu\u00e7\u00e3o do Vlibras&#8221;.<\/p>\n\n\n\n<p><a href=\"https:\/\/drive.google.com\/file\/d\/1NOkS-Ew39yJXXIGBHC9lT8GivKHWVf6g\/view?pli=1\"><strong>06\/11\/2025 &#8211; EDITAL VLIBRAS N\u00ba 05\/2025<\/strong><\/a><\/p>\n\n\n\n<p><strong><a href=\"https:\/\/drive.google.com\/file\/d\/1AEauZVCSKC9t2smGjY9QRwFw_ICI0Af3\/view?usp=drive_link\">14\/11\/2025 &#8211; RESULTADO DA 1\u00aa FASE<\/a><\/strong><\/p>\n\n\n\n<p><strong><a href=\"https:\/\/drive.google.com\/file\/d\/13LHMer7RT9u9AOQFtTc8zWF35Kbcs6vk\/view?usp=sharing\">19\/11\/2025 &#8211; RESULTADO DA 2\u00aa FASE<\/a><\/strong><\/p>\n\n\n\n<p><strong><a href=\"https:\/\/drive.google.com\/file\/d\/1Nut03Q-E70cZnaYufFVa0RC4N5JNXg3r\/view?usp=sharing\">25\/11\/2025 &#8211; RESULTADO FINAL<\/a><\/strong><\/p>\n\n\n\n<p><\/p>\n","protected":false},"excerpt":{"rendered":"<p>O N\u00facleo de Pesquisa e Extens\u00e3o LAVID do Centro de Inform\u00e1tica da Universidade Federal da [&hellip;]<\/p>\n","protected":false},"featured_media":0,"template":"","meta":{"_acf_changed":false,"footnotes":""},"tags":[36],"edital_type":[],"class_list":["post-1459","edital","type-edital","status-publish","hentry","tag-processo-seletivo"],"acf":[],"_links":{"self":[{"href":"https:\/\/www.ci.ufpb.br\/lavid\/wp-json\/wp\/v2\/edital\/1459","targetHints":{"allow":["GET"]}}],"collection":[{"href":"https:\/\/www.ci.ufpb.br\/lavid\/wp-json\/wp\/v2\/edital"}],"about":[{"href":"https:\/\/www.ci.ufpb.br\/lavid\/wp-json\/wp\/v2\/types\/edital"}],"version-history":[{"count":2,"href":"https:\/\/www.ci.ufpb.br\/lavid\/wp-json\/wp\/v2\/edital\/1459\/revisions"}],"predecessor-version":[{"id":1561,"href":"https:\/\/www.ci.ufpb.br\/lavid\/wp-json\/wp\/v2\/edital\/1459\/revisions\/1561"}],"wp:attachment":[{"href":"https:\/\/www.ci.ufpb.br\/lavid\/wp-json\/wp\/v2\/media?parent=1459"}],"wp:term":[{"taxonomy":"post_tag","embeddable":true,"href":"https:\/\/www.ci.ufpb.br\/lavid\/wp-json\/wp\/v2\/tags?post=1459"},{"taxonomy":"edital_type","embeddable":true,"href":"https:\/\/www.ci.ufpb.br\/lavid\/wp-json\/wp\/v2\/edital_type?post=1459"}],"curies":[{"name":"wp","href":"https:\/\/api.w.org\/{rel}","templated":true}]}}

EDITAL Nº 05/2025-NPE/LAVID &#8211; PROCESSO SELETIVO PARA PESQUISADORES DO VLIBRAS

<p>O Núcleo de Pesquisa e Extensão LAVID do Centro de Informática da Universidade Federal da Paraíba (LAVID/CI/UFPB), torna público o Processo Seletivo para preenchimento de Vagas e Cadastro Reserva de Pesquisadores para atuação no projeto &#8220;Estudo e Investigação sobre Melhorias da Naturalidade, Expressividade e Qualidade de Tradução do Vlibras&#8221;.</p>



<p><a href="https://drive.google.com/file/d/1NOkS-Ew39yJXXIGBHC9lT8GivKHWVf6g/view?pli=1"><strong>06/11/2025 &#8211; EDITAL VLIBRAS Nº 05/2025</strong></a></p>



<p><strong><a href="https://drive.google.com/file/d/1AEauZVCSKC9t2smGjY9QRwFw_ICI0Af3/view?usp=drive_link">14/11/2025 &#8211; RESULTADO DA 1ª FASE</a></strong></p>



<p><strong><a href="https://drive.google.com/file/d/13LHMer7RT9u9AOQFtTc8zWF35Kbcs6vk/view?usp=sharing">19/11/2025 &#8211; RESULTADO DA 2ª FASE</a></strong></p>



<p><strong><a href="https://drive.google.com/file/d/1Nut03Q-E70cZnaYufFVa0RC4N5JNXg3r/view?usp=sharing">25/11/2025 &#8211; RESULTADO FINAL</a></strong></p>



<p></p>

<p>O Núcleo de Pesquisa e Extensão LAVID do Centro de Informática da Universidade Federal da [&hellip;]</p>
