{"id":16,"date":"2025-07-01T16:41:33","date_gmt":"2025-07-01T19:41:33","guid":{"rendered":"https:\/\/www.ci.ufpb.br\/laser\/?page_id=16"},"modified":"2025-12-02T12:35:01","modified_gmt":"2025-12-02T15:35:01","slug":"professores-associados","status":"publish","type":"page","link":"https:\/\/www.ci.ufpb.br\/laser\/sobre\/professores-associados\/","title":{"rendered":"Professores Associados"},"content":{"rendered":"\n<h2 class=\"wp-block-heading\"><div class=\"linha-header\"><strong>Rob\u00f3tica<\/strong><\/div><\/h2>\n\n\n\n<div class=\"wp-block-group\"><div class=\"wp-block-group__inner-container is-layout-constrained wp-block-group-is-layout-constrained\"><div class=\"wp-block-image is-style-rounded\">\n<figure class=\"alignleft size-thumbnail is-resized\"><img loading=\"lazy\" decoding=\"async\" width=\"150\" height=\"150\" src=\"https:\/\/www.ci.ufpb.br\/laser\/wp-content\/uploads\/sites\/139\/sites\/326\/2025\/08\/laser-robotica-membros-augusto-150x150.jpg\" alt=\"\" class=\"wp-image-163\" style=\"aspect-ratio:1;object-fit:cover;width:120px\" srcset=\"https:\/\/www.ci.ufpb.br\/laser\/wp-content\/uploads\/sites\/139\/sites\/326\/2025\/08\/laser-robotica-membros-augusto-150x150.jpg 150w, https:\/\/www.ci.ufpb.br\/laser\/wp-content\/uploads\/sites\/139\/sites\/326\/2025\/08\/laser-robotica-membros-augusto-300x300.jpg 300w, https:\/\/www.ci.ufpb.br\/laser\/wp-content\/uploads\/sites\/139\/sites\/326\/2025\/08\/laser-robotica-membros-augusto-768x768.jpg 768w, https:\/\/www.ci.ufpb.br\/laser\/wp-content\/uploads\/sites\/139\/sites\/326\/2025\/08\/laser-robotica-membros-augusto.jpg 900w\" sizes=\"auto, (max-width: 150px) 100vw, 150px\" \/><\/figure>\n<\/div>\n\n\n<h3 class=\"wp-block-heading\" id=\"h.953bz6l00727_l\">AUGUSTO TAVARES<\/h3>\n\n\n\n<p>CI &#8211; DEPARTAMENTO DE SISTEMAS DE COMPUTA\u00c7\u00c3O<\/p>\n\n\n\n<ul class=\"wp-block-social-links is-layout-flex wp-block-social-links-is-layout-flex\"><li class=\"wp-social-link wp-social-link-mail  wp-block-social-link\"><a href=\"mailto:&#097;u&#103;ust&#111;&#064;c&#105;.&#117;f&#112;&#098;&#046;br\" class=\"wp-block-social-link-anchor\"><svg width=\"24\" height=\"24\" viewBox=\"0 0 24 24\" version=\"1.1\" xmlns=\"http:\/\/www.w3.org\/2000\/svg\" aria-hidden=\"true\" focusable=\"false\"><path d=\"M19,5H5c-1.1,0-2,.9-2,2v10c0,1.1.9,2,2,2h14c1.1,0,2-.9,2-2V7c0-1.1-.9-2-2-2zm.5,12c0,.3-.2.5-.5.5H5c-.3,0-.5-.2-.5-.5V9.8l7.5,5.6,7.5-5.6V17zm0-9.1L12,13.6,4.5,7.9V7c0-.3.2-.5.5-.5h14c.3,0,.5.2.5.5v.9z\"><\/path><\/svg><span class=\"wp-block-social-link-label screen-reader-text\">E-mail<\/span><\/a><\/li><\/ul>\n<\/div><\/div>\n\n\n\n<div style=\"height:20px\" aria-hidden=\"true\" class=\"wp-block-spacer\"><\/div>\n\n\n\n<div class=\"wp-block-group\"><div class=\"wp-block-group__inner-container is-layout-constrained wp-block-group-is-layout-constrained\"><div class=\"wp-block-image is-style-rounded\">\n<figure class=\"alignleft size-thumbnail is-resized\"><img loading=\"lazy\" decoding=\"async\" width=\"150\" height=\"150\" src=\"https:\/\/www.ci.ufpb.br\/laser\/wp-content\/uploads\/sites\/139\/sites\/326\/2025\/08\/laser-time-davisantos-150x150.jpg\" alt=\"\" class=\"wp-image-182\" style=\"aspect-ratio:1;object-fit:cover;width:120px\" srcset=\"https:\/\/www.ci.ufpb.br\/laser\/wp-content\/uploads\/sites\/139\/sites\/326\/2025\/08\/laser-time-davisantos-150x150.jpg 150w, https:\/\/www.ci.ufpb.br\/laser\/wp-content\/uploads\/sites\/139\/sites\/326\/2025\/08\/laser-time-davisantos.jpg 294w\" sizes=\"auto, (max-width: 150px) 100vw, 150px\" \/><\/figure>\n<\/div>\n\n\n<h3 class=\"wp-block-heading\" id=\"h.eusajzy3jc51_l\">DAVI SANTOS<\/h3>\n\n\n\n<p>CI &#8211; DEPARTAMENTO DE SISTEMAS DE COMPUTA\u00c7\u00c3O<\/p>\n\n\n\n<ul class=\"wp-block-social-links is-layout-flex wp-block-social-links-is-layout-flex\"><li class=\"wp-social-link wp-social-link-mail  wp-block-social-link\"><a href=\"mailto:d&#097;vi&#064;ci&#046;u&#102;pb.b&#114;\" class=\"wp-block-social-link-anchor\"><svg width=\"24\" height=\"24\" viewBox=\"0 0 24 24\" version=\"1.1\" xmlns=\"http:\/\/www.w3.org\/2000\/svg\" aria-hidden=\"true\" focusable=\"false\"><path d=\"M19,5H5c-1.1,0-2,.9-2,2v10c0,1.1.9,2,2,2h14c1.1,0,2-.9,2-2V7c0-1.1-.9-2-2-2zm.5,12c0,.3-.2.5-.5.5H5c-.3,0-.5-.2-.5-.5V9.8l7.5,5.6,7.5-5.6V17zm0-9.1L12,13.6,4.5,7.9V7c0-.3.2-.5.5-.5h14c.3,0,.5.2.5.5v.9z\"><\/path><\/svg><span class=\"wp-block-social-link-label screen-reader-text\">E-mail<\/span><\/a><\/li><\/ul>\n<\/div><\/div>\n\n\n\n<div style=\"height:20px\" aria-hidden=\"true\" class=\"wp-block-spacer\"><\/div>\n\n\n\n<div class=\"wp-block-group\"><div class=\"wp-block-group__inner-container is-layout-constrained wp-block-group-is-layout-constrained\"><div class=\"wp-block-image is-style-rounded\">\n<figure class=\"alignleft size-thumbnail is-resized\"><img loading=\"lazy\" decoding=\"async\" width=\"150\" height=\"150\" src=\"http:\/\/www.ci.ufpb.br\/laser\/wp-content\/uploads\/sites\/139\/sites\/326\/2025\/08\/laser-robotica-membros-sarah-150x150.jpg\" alt=\"\" class=\"wp-image-167\" style=\"aspect-ratio:1;object-fit:cover;width:120px\" srcset=\"https:\/\/www.ci.ufpb.br\/laser\/wp-content\/uploads\/sites\/139\/sites\/326\/2025\/08\/laser-robotica-membros-sarah-150x150.jpg 150w, https:\/\/www.ci.ufpb.br\/laser\/wp-content\/uploads\/sites\/139\/sites\/326\/2025\/08\/laser-robotica-membros-sarah-300x300.jpg 300w, https:\/\/www.ci.ufpb.br\/laser\/wp-content\/uploads\/sites\/139\/sites\/326\/2025\/08\/laser-robotica-membros-sarah-1024x1024.jpg 1024w, https:\/\/www.ci.ufpb.br\/laser\/wp-content\/uploads\/sites\/139\/sites\/326\/2025\/08\/laser-robotica-membros-sarah-768x767.jpg 768w, https:\/\/www.ci.ufpb.br\/laser\/wp-content\/uploads\/sites\/139\/sites\/326\/2025\/08\/laser-robotica-membros-sarah.jpg 1280w\" sizes=\"auto, (max-width: 150px) 100vw, 150px\" \/><\/figure>\n<\/div>\n\n\n<h3 class=\"wp-block-heading\" id=\"h.eusajzy3jc51_l\">SARAH MADRUGA<\/h3>\n\n\n\n<p>CI &#8211; DEPARTAMENTO DE SISTEMAS DE COMPUTA\u00c7\u00c3O<\/p>\n\n\n\n<ul class=\"wp-block-social-links is-layout-flex wp-block-social-links-is-layout-flex\"><li class=\"wp-social-link wp-social-link-mail  wp-block-social-link\"><a href=\"mailto:m&#097;&#100;&#114;u&#103;&#097;.sa&#114;a&#104;&#064;&#103;ma&#105;&#108;.&#099;&#111;&#109;\" class=\"wp-block-social-link-anchor\"><svg width=\"24\" height=\"24\" viewBox=\"0 0 24 24\" version=\"1.1\" xmlns=\"http:\/\/www.w3.org\/2000\/svg\" aria-hidden=\"true\" focusable=\"false\"><path d=\"M19,5H5c-1.1,0-2,.9-2,2v10c0,1.1.9,2,2,2h14c1.1,0,2-.9,2-2V7c0-1.1-.9-2-2-2zm.5,12c0,.3-.2.5-.5.5H5c-.3,0-.5-.2-.5-.5V9.8l7.5,5.6,7.5-5.6V17zm0-9.1L12,13.6,4.5,7.9V7c0-.3.2-.5.5-.5h14c.3,0,.5.2.5.5v.9z\"><\/path><\/svg><span class=\"wp-block-social-link-label screen-reader-text\">E-mail<\/span><\/a><\/li><\/ul>\n<\/div><\/div>\n\n\n\n<div style=\"height:20px\" aria-hidden=\"true\" class=\"wp-block-spacer\"><\/div>\n\n\n\n<h2 class=\"wp-block-heading\"><div class=\"linha-header\"><strong>Sistemas Embarcados e IA<\/strong><\/div><\/h2>\n\n\n\n<div class=\"wp-block-group\"><div class=\"wp-block-group__inner-container is-layout-constrained wp-block-group-is-layout-constrained\"><div class=\"wp-block-image is-style-rounded\">\n<figure class=\"alignleft size-thumbnail is-resized\"><img loading=\"lazy\" decoding=\"async\" width=\"150\" height=\"150\" src=\"https:\/\/www.ci.ufpb.br\/laser\/wp-content\/uploads\/sites\/139\/sites\/326\/2025\/08\/laser-time-ewerton-150x150.jpg\" alt=\"\" class=\"wp-image-183\" style=\"aspect-ratio:1;object-fit:cover;width:120px\" srcset=\"https:\/\/www.ci.ufpb.br\/laser\/wp-content\/uploads\/sites\/139\/sites\/326\/2025\/08\/laser-time-ewerton-150x150.jpg 150w, https:\/\/www.ci.ufpb.br\/laser\/wp-content\/uploads\/sites\/139\/sites\/326\/2025\/08\/laser-time-ewerton.jpg 250w\" sizes=\"auto, (max-width: 150px) 100vw, 150px\" \/><\/figure>\n<\/div>\n\n\n<h3 class=\"wp-block-heading\" id=\"h.1ps68eueezg8_l\">EWERTON MONTEIRO SALVADOR<\/h3>\n\n\n\n<p>CI &#8211; DEPARTAMENTO DE SISTEMAS DE COMPUTA\u00c7\u00c3O<\/p>\n\n\n\n<ul class=\"wp-block-social-links is-layout-flex wp-block-social-links-is-layout-flex\"><li class=\"wp-social-link wp-social-link-mail  wp-block-social-link\"><a href=\"mailto:ew&#101;&#114;&#116;on&#064;ci.&#117;f&#112;&#098;.&#098;&#114;\" class=\"wp-block-social-link-anchor\"><svg width=\"24\" height=\"24\" viewBox=\"0 0 24 24\" version=\"1.1\" xmlns=\"http:\/\/www.w3.org\/2000\/svg\" aria-hidden=\"true\" focusable=\"false\"><path d=\"M19,5H5c-1.1,0-2,.9-2,2v10c0,1.1.9,2,2,2h14c1.1,0,2-.9,2-2V7c0-1.1-.9-2-2-2zm.5,12c0,.3-.2.5-.5.5H5c-.3,0-.5-.2-.5-.5V9.8l7.5,5.6,7.5-5.6V17zm0-9.1L12,13.6,4.5,7.9V7c0-.3.2-.5.5-.5h14c.3,0,.5.2.5.5v.9z\"><\/path><\/svg><span class=\"wp-block-social-link-label screen-reader-text\">E-mail<\/span><\/a><\/li><\/ul>\n<\/div><\/div>\n\n\n\n<div style=\"height:20px\" aria-hidden=\"true\" class=\"wp-block-spacer\"><\/div>\n\n\n\n<div class=\"wp-block-group\"><div class=\"wp-block-group__inner-container is-layout-constrained wp-block-group-is-layout-constrained\"><div class=\"wp-block-image is-style-rounded\">\n<figure class=\"alignleft size-thumbnail is-resized\"><img loading=\"lazy\" decoding=\"async\" width=\"150\" height=\"150\" src=\"https:\/\/www.ci.ufpb.br\/laser\/wp-content\/uploads\/sites\/139\/sites\/326\/2025\/08\/laser-time-veronica-150x150.jpg\" alt=\"\" class=\"wp-image-184\" style=\"aspect-ratio:1;object-fit:cover;width:120px\" srcset=\"https:\/\/www.ci.ufpb.br\/laser\/wp-content\/uploads\/sites\/139\/sites\/326\/2025\/08\/laser-time-veronica-150x150.jpg 150w, https:\/\/www.ci.ufpb.br\/laser\/wp-content\/uploads\/sites\/139\/sites\/326\/2025\/08\/laser-time-veronica-300x300.jpg 300w, https:\/\/www.ci.ufpb.br\/laser\/wp-content\/uploads\/sites\/139\/sites\/326\/2025\/08\/laser-time-veronica.jpg 500w\" sizes=\"auto, (max-width: 150px) 100vw, 150px\" \/><\/figure>\n<\/div>\n\n\n<h3 class=\"wp-block-heading\" id=\"h.eoc9eqdipq4t_l\">VERONICA LIMA<\/h3>\n\n\n\n<p>CI &#8211; DEPARTAMENTO DE SISTEMAS DE COMPUTA\u00c7\u00c3O<\/p>\n\n\n\n<ul class=\"wp-block-social-links is-layout-flex wp-block-social-links-is-layout-flex\"><li class=\"wp-social-link wp-social-link-mail  wp-block-social-link\"><a href=\"mailto:v&#101;&#114;o&#110;i&#099;&#097;&#046;&#108;ima&#064;ci&#046;u&#102;p&#098;.br\" class=\"wp-block-social-link-anchor\"><svg width=\"24\" height=\"24\" viewBox=\"0 0 24 24\" version=\"1.1\" xmlns=\"http:\/\/www.w3.org\/2000\/svg\" aria-hidden=\"true\" focusable=\"false\"><path d=\"M19,5H5c-1.1,0-2,.9-2,2v10c0,1.1.9,2,2,2h14c1.1,0,2-.9,2-2V7c0-1.1-.9-2-2-2zm.5,12c0,.3-.2.5-.5.5H5c-.3,0-.5-.2-.5-.5V9.8l7.5,5.6,7.5-5.6V17zm0-9.1L12,13.6,4.5,7.9V7c0-.3.2-.5.5-.5h14c.3,0,.5.2.5.5v.9z\"><\/path><\/svg><span class=\"wp-block-social-link-label screen-reader-text\">E-mail<\/span><\/a><\/li><\/ul>\n<\/div><\/div>\n\n\n\n<div style=\"height:20px\" aria-hidden=\"true\" class=\"wp-block-spacer\"><\/div>\n\n\n\n<div class=\"wp-block-group\"><div class=\"wp-block-group__inner-container is-layout-constrained wp-block-group-is-layout-constrained\"><div class=\"wp-block-image is-style-rounded\">\n<figure class=\"alignleft size-thumbnail is-resized\"><img loading=\"lazy\" decoding=\"async\" width=\"150\" height=\"150\" src=\"https:\/\/www.ci.ufpb.br\/laser\/wp-content\/uploads\/sites\/139\/sites\/326\/2025\/08\/laser-time-romulo-150x150.jpg\" alt=\"\" class=\"wp-image-185\" style=\"width:120px\" srcset=\"https:\/\/www.ci.ufpb.br\/laser\/wp-content\/uploads\/sites\/139\/sites\/326\/2025\/08\/laser-time-romulo-150x150.jpg 150w, https:\/\/www.ci.ufpb.br\/laser\/wp-content\/uploads\/sites\/139\/sites\/326\/2025\/08\/laser-time-romulo.jpg 292w\" sizes=\"auto, (max-width: 150px) 100vw, 150px\" \/><\/figure>\n<\/div>\n\n\n<h3 class=\"wp-block-heading\" id=\"h.spf6zhlnvwba_l\">ROMULO CAMARA<\/h3>\n\n\n\n<p>CI &#8211; DEPARTAMENTO DE SISTEMAS DE COMPUTA\u00c7\u00c3O<\/p>\n\n\n\n<ul class=\"wp-block-social-links is-layout-flex wp-block-social-links-is-layout-flex\"><li class=\"wp-social-link wp-social-link-mail  wp-block-social-link\"><a href=\"mailto:ro&#109;&#117;lo&#046;&#099;&#097;&#109;ar&#097;&#064;c&#105;.&#117;&#102;pb.&#098;&#114;\" class=\"wp-block-social-link-anchor\"><svg width=\"24\" height=\"24\" viewBox=\"0 0 24 24\" version=\"1.1\" xmlns=\"http:\/\/www.w3.org\/2000\/svg\" aria-hidden=\"true\" focusable=\"false\"><path d=\"M19,5H5c-1.1,0-2,.9-2,2v10c0,1.1.9,2,2,2h14c1.1,0,2-.9,2-2V7c0-1.1-.9-2-2-2zm.5,12c0,.3-.2.5-.5.5H5c-.3,0-.5-.2-.5-.5V9.8l7.5,5.6,7.5-5.6V17zm0-9.1L12,13.6,4.5,7.9V7c0-.3.2-.5.5-.5h14c.3,0,.5.2.5.5v.9z\"><\/path><\/svg><span class=\"wp-block-social-link-label screen-reader-text\">E-mail<\/span><\/a><\/li><\/ul>\n<\/div><\/div>\n\n\n\n<div style=\"height:20px\" aria-hidden=\"true\" class=\"wp-block-spacer\"><\/div>\n\n\n\n<h2 class=\"wp-block-heading\"><div class=\"linha-header\"><strong>Otimiza\u00e7\u00e3o e Log\u00edstica<\/strong><\/div><\/h2>\n\n\n\n<div class=\"wp-block-group\"><div class=\"wp-block-group__inner-container is-layout-constrained wp-block-group-is-layout-constrained\"><div class=\"wp-block-image is-style-rounded\">\n<figure class=\"alignleft size-full is-resized\"><img loading=\"lazy\" decoding=\"async\" width=\"250\" height=\"250\" src=\"https:\/\/www.ci.ufpb.br\/laser\/wp-content\/uploads\/sites\/139\/sites\/326\/2025\/08\/laser-time-anand.jpg\" alt=\"\" class=\"wp-image-186\" style=\"width:120px\" srcset=\"https:\/\/www.ci.ufpb.br\/laser\/wp-content\/uploads\/sites\/139\/sites\/326\/2025\/08\/laser-time-anand.jpg 250w, https:\/\/www.ci.ufpb.br\/laser\/wp-content\/uploads\/sites\/139\/sites\/326\/2025\/08\/laser-time-anand-150x150.jpg 150w\" sizes=\"auto, (max-width: 250px) 100vw, 250px\" \/><\/figure>\n<\/div>\n\n\n<h3 class=\"wp-block-heading\" id=\"h.3sa5ww4qz12a_l\">ANAND SUBRAMANIAN<\/h3>\n\n\n\n<p>CI &#8211; DEPARTAMENTO DE SISTEMAS DE COMPUTA\u00c7\u00c3O<\/p>\n\n\n\n<ul class=\"wp-block-social-links is-layout-flex wp-block-social-links-is-layout-flex\"><li class=\"wp-social-link wp-social-link-mail  wp-block-social-link\"><a href=\"mailto:an&#097;&#110;&#100;&#064;&#099;i.&#117;fp&#098;.&#098;r\" class=\"wp-block-social-link-anchor\"><svg width=\"24\" height=\"24\" viewBox=\"0 0 24 24\" version=\"1.1\" xmlns=\"http:\/\/www.w3.org\/2000\/svg\" aria-hidden=\"true\" focusable=\"false\"><path d=\"M19,5H5c-1.1,0-2,.9-2,2v10c0,1.1.9,2,2,2h14c1.1,0,2-.9,2-2V7c0-1.1-.9-2-2-2zm.5,12c0,.3-.2.5-.5.5H5c-.3,0-.5-.2-.5-.5V9.8l7.5,5.6,7.5-5.6V17zm0-9.1L12,13.6,4.5,7.9V7c0-.3.2-.5.5-.5h14c.3,0,.5.2.5.5v.9z\"><\/path><\/svg><span class=\"wp-block-social-link-label screen-reader-text\">E-mail<\/span><\/a><\/li><\/ul>\n<\/div><\/div>\n\n\n\n<div style=\"height:20px\" aria-hidden=\"true\" class=\"wp-block-spacer\"><\/div>\n\n\n\n<div class=\"wp-block-group\"><div class=\"wp-block-group__inner-container is-layout-constrained wp-block-group-is-layout-constrained\"><div class=\"wp-block-image is-style-rounded\">\n<figure class=\"alignleft size-full is-resized\"><img loading=\"lazy\" decoding=\"async\" width=\"250\" height=\"250\" src=\"https:\/\/www.ci.ufpb.br\/laser\/wp-content\/uploads\/sites\/139\/sites\/326\/2025\/08\/laser-time-teobaldo.jpg\" alt=\"\" class=\"wp-image-187\" style=\"width:120px\" srcset=\"https:\/\/www.ci.ufpb.br\/laser\/wp-content\/uploads\/sites\/139\/sites\/326\/2025\/08\/laser-time-teobaldo.jpg 250w, https:\/\/www.ci.ufpb.br\/laser\/wp-content\/uploads\/sites\/139\/sites\/326\/2025\/08\/laser-time-teobaldo-150x150.jpg 150w\" sizes=\"auto, (max-width: 250px) 100vw, 250px\" \/><\/figure>\n<\/div>\n\n\n<h3 class=\"wp-block-heading\" id=\"h.bnvuqw4ximz9_l\">TEOBALDO LEITE<\/h3>\n\n\n\n<p>CI &#8211; DEPARTAMENTO DE COMPUTA\u00c7\u00c3O CIENT\u00cdFICA<\/p>\n\n\n\n<ul class=\"wp-block-social-links is-layout-flex wp-block-social-links-is-layout-flex\"><li class=\"wp-social-link wp-social-link-mail  wp-block-social-link\"><a href=\"mailto:t&#101;o&#106;&#117;n&#105;&#111;r&#112;&#098;&#064;g&#109;&#097;&#105;l.&#099;&#111;m\" class=\"wp-block-social-link-anchor\"><svg width=\"24\" height=\"24\" viewBox=\"0 0 24 24\" version=\"1.1\" xmlns=\"http:\/\/www.w3.org\/2000\/svg\" aria-hidden=\"true\" focusable=\"false\"><path d=\"M19,5H5c-1.1,0-2,.9-2,2v10c0,1.1.9,2,2,2h14c1.1,0,2-.9,2-2V7c0-1.1-.9-2-2-2zm.5,12c0,.3-.2.5-.5.5H5c-.3,0-.5-.2-.5-.5V9.8l7.5,5.6,7.5-5.6V17zm0-9.1L12,13.6,4.5,7.9V7c0-.3.2-.5.5-.5h14c.3,0,.5.2.5.5v.9z\"><\/path><\/svg><span class=\"wp-block-social-link-label screen-reader-text\">E-mail<\/span><\/a><\/li><\/ul>\n<\/div><\/div>\n\n\n\n<div style=\"height:20px\" aria-hidden=\"true\" class=\"wp-block-spacer\"><\/div>\n\n\n\n<div class=\"wp-block-group\"><div class=\"wp-block-group__inner-container is-layout-constrained wp-block-group-is-layout-constrained\"><div class=\"wp-block-image is-style-rounded\">\n<figure class=\"alignleft size-full is-resized\"><img loading=\"lazy\" decoding=\"async\" width=\"250\" height=\"250\" src=\"https:\/\/www.ci.ufpb.br\/laser\/wp-content\/uploads\/sites\/139\/sites\/326\/2025\/08\/laser-time-brunobruck.jpg\" alt=\"\" class=\"wp-image-189\" style=\"width:120px\" srcset=\"https:\/\/www.ci.ufpb.br\/laser\/wp-content\/uploads\/sites\/139\/sites\/326\/2025\/08\/laser-time-brunobruck.jpg 250w, https:\/\/www.ci.ufpb.br\/laser\/wp-content\/uploads\/sites\/139\/sites\/326\/2025\/08\/laser-time-brunobruck-150x150.jpg 150w\" sizes=\"auto, (max-width: 250px) 100vw, 250px\" \/><\/figure>\n<\/div>\n\n\n<h3 class=\"wp-block-heading\" id=\"h.o48shvdw88pc_l\">BRUNO BRUCK<\/h3>\n\n\n\n<p>CI &#8211; DEPARTAMENTO DE COMPUTA\u00c7\u00c3O CIENT\u00cdFICA<\/p>\n\n\n\n<ul class=\"wp-block-social-links is-layout-flex wp-block-social-links-is-layout-flex\"><li class=\"wp-social-link wp-social-link-mail  wp-block-social-link\"><a href=\"mailto:bru&#110;&#111;&#046;b&#114;u&#099;k&#064;&#099;i.&#117;&#102;pb&#046;b&#114;\" class=\"wp-block-social-link-anchor\"><svg width=\"24\" height=\"24\" viewBox=\"0 0 24 24\" version=\"1.1\" xmlns=\"http:\/\/www.w3.org\/2000\/svg\" aria-hidden=\"true\" focusable=\"false\"><path d=\"M19,5H5c-1.1,0-2,.9-2,2v10c0,1.1.9,2,2,2h14c1.1,0,2-.9,2-2V7c0-1.1-.9-2-2-2zm.5,12c0,.3-.2.5-.5.5H5c-.3,0-.5-.2-.5-.5V9.8l7.5,5.6,7.5-5.6V17zm0-9.1L12,13.6,4.5,7.9V7c0-.3.2-.5.5-.5h14c.3,0,.5.2.5.5v.9z\"><\/path><\/svg><span class=\"wp-block-social-link-label screen-reader-text\">E-mail<\/span><\/a><\/li><\/ul>\n<\/div><\/div>\n\n\n\n<div style=\"height:20px\" aria-hidden=\"true\" class=\"wp-block-spacer\"><\/div>\n\n\n\n<div class=\"wp-block-group\"><div class=\"wp-block-group__inner-container is-layout-constrained wp-block-group-is-layout-constrained\"><div class=\"wp-block-image is-style-rounded\">\n<figure class=\"alignleft size-full is-resized\"><img loading=\"lazy\" decoding=\"async\" width=\"764\" height=\"764\" src=\"https:\/\/www.ci.ufpb.br\/laser\/wp-content\/uploads\/sites\/139\/sites\/326\/2025\/08\/laser-time-brunojefferson.jpg\" alt=\"\" class=\"wp-image-190\" style=\"width:120px\" srcset=\"https:\/\/www.ci.ufpb.br\/laser\/wp-content\/uploads\/sites\/139\/sites\/326\/2025\/08\/laser-time-brunojefferson.jpg 764w, https:\/\/www.ci.ufpb.br\/laser\/wp-content\/uploads\/sites\/139\/sites\/326\/2025\/08\/laser-time-brunojefferson-300x300.jpg 300w, https:\/\/www.ci.ufpb.br\/laser\/wp-content\/uploads\/sites\/139\/sites\/326\/2025\/08\/laser-time-brunojefferson-150x150.jpg 150w\" sizes=\"auto, (max-width: 764px) 100vw, 764px\" \/><\/figure>\n<\/div>\n\n\n<h3 class=\"wp-block-heading\" id=\"h.apr7kckqe9sy_l\">BRUNO JEFFERSON<\/h3>\n\n\n\n<p>CI &#8211; DEPARTAMENTO DE COMPUTA\u00c7\u00c3O CIENT\u00cdFICA<\/p>\n\n\n\n<ul class=\"wp-block-social-links is-layout-flex wp-block-social-links-is-layout-flex\"><li class=\"wp-social-link wp-social-link-mail  wp-block-social-link\"><a href=\"mailto:b&#114;u&#110;&#111;&#064;&#099;i&#046;u&#102;&#112;b.b&#114;\" class=\"wp-block-social-link-anchor\"><svg width=\"24\" height=\"24\" viewBox=\"0 0 24 24\" version=\"1.1\" xmlns=\"http:\/\/www.w3.org\/2000\/svg\" aria-hidden=\"true\" focusable=\"false\"><path d=\"M19,5H5c-1.1,0-2,.9-2,2v10c0,1.1.9,2,2,2h14c1.1,0,2-.9,2-2V7c0-1.1-.9-2-2-2zm.5,12c0,.3-.2.5-.5.5H5c-.3,0-.5-.2-.5-.5V9.8l7.5,5.6,7.5-5.6V17zm0-9.1L12,13.6,4.5,7.9V7c0-.3.2-.5.5-.5h14c.3,0,.5.2.5.5v.9z\"><\/path><\/svg><span class=\"wp-block-social-link-label screen-reader-text\">E-mail<\/span><\/a><\/li><\/ul>\n<\/div><\/div>\n\n\n\n<div style=\"height:20px\" aria-hidden=\"true\" class=\"wp-block-spacer\"><\/div>\n\n\n\n<div class=\"wp-block-group\"><div class=\"wp-block-group__inner-container is-layout-constrained wp-block-group-is-layout-constrained\"><div class=\"wp-block-image is-style-rounded\">\n<figure class=\"alignleft size-full is-resized\"><img loading=\"lazy\" decoding=\"async\" width=\"405\" height=\"405\" src=\"https:\/\/www.ci.ufpb.br\/laser\/wp-content\/uploads\/sites\/139\/sites\/326\/2025\/08\/laser-time-lucidio.jpg\" alt=\"\" class=\"wp-image-191\" style=\"width:120px\" srcset=\"https:\/\/www.ci.ufpb.br\/laser\/wp-content\/uploads\/sites\/139\/sites\/326\/2025\/08\/laser-time-lucidio.jpg 405w, https:\/\/www.ci.ufpb.br\/laser\/wp-content\/uploads\/sites\/139\/sites\/326\/2025\/08\/laser-time-lucidio-300x300.jpg 300w, https:\/\/www.ci.ufpb.br\/laser\/wp-content\/uploads\/sites\/139\/sites\/326\/2025\/08\/laser-time-lucidio-150x150.jpg 150w\" sizes=\"auto, (max-width: 405px) 100vw, 405px\" \/><\/figure>\n<\/div>\n\n\n<h3 class=\"wp-block-heading\" id=\"h.l23z94rklsbq_l\">LUC\u00cdDIO CABRAL<\/h3>\n\n\n\n<p>CI &#8211; DEPARTAMENTO DE COMPUTA\u00c7\u00c3O CIENT\u00cdFICA<\/p>\n\n\n\n<ul class=\"wp-block-social-links is-layout-flex wp-block-social-links-is-layout-flex\"><li class=\"wp-social-link wp-social-link-mail  wp-block-social-link\"><a href=\"mailto:l&#117;cid&#105;o&#064;&#099;i&#046;&#117;&#102;p&#098;&#046;&#098;&#114;\" class=\"wp-block-social-link-anchor\"><svg width=\"24\" height=\"24\" viewBox=\"0 0 24 24\" version=\"1.1\" xmlns=\"http:\/\/www.w3.org\/2000\/svg\" aria-hidden=\"true\" focusable=\"false\"><path d=\"M19,5H5c-1.1,0-2,.9-2,2v10c0,1.1.9,2,2,2h14c1.1,0,2-.9,2-2V7c0-1.1-.9-2-2-2zm.5,12c0,.3-.2.5-.5.5H5c-.3,0-.5-.2-.5-.5V9.8l7.5,5.6,7.5-5.6V17zm0-9.1L12,13.6,4.5,7.9V7c0-.3.2-.5.5-.5h14c.3,0,.5.2.5.5v.9z\"><\/path><\/svg><span class=\"wp-block-social-link-label screen-reader-text\">E-mail<\/span><\/a><\/li><\/ul>\n<\/div><\/div>\n\n\n\n<div style=\"height:20px\" aria-hidden=\"true\" class=\"wp-block-spacer\"><\/div>\n\n\n\n<div class=\"wp-block-group\"><div class=\"wp-block-group__inner-container is-layout-constrained wp-block-group-is-layout-constrained\"><div class=\"wp-block-image is-style-rounded\">\n<figure class=\"alignleft size-full is-resized\"><img loading=\"lazy\" decoding=\"async\" width=\"257\" height=\"257\" src=\"https:\/\/www.ci.ufpb.br\/laser\/wp-content\/uploads\/sites\/139\/sites\/326\/2025\/08\/laser-time-gilberto.jpg\" alt=\"\" class=\"wp-image-192\" style=\"width:120px\" srcset=\"https:\/\/www.ci.ufpb.br\/laser\/wp-content\/uploads\/sites\/139\/sites\/326\/2025\/08\/laser-time-gilberto.jpg 257w, https:\/\/www.ci.ufpb.br\/laser\/wp-content\/uploads\/sites\/139\/sites\/326\/2025\/08\/laser-time-gilberto-150x150.jpg 150w\" sizes=\"auto, (max-width: 257px) 100vw, 257px\" \/><\/figure>\n<\/div>\n\n\n<h3 class=\"wp-block-heading\" id=\"h.l1hcvuoqyhih_l\">GILBERTO FARIAS<\/h3>\n\n\n\n<p>CI &#8211; DEPARTAMENTO DE COMPUTA\u00c7\u00c3O CIENT\u00cdFICA<\/p>\n\n\n\n<ul class=\"wp-block-social-links is-layout-flex wp-block-social-links-is-layout-flex\"><li class=\"wp-social-link wp-social-link-mail  wp-block-social-link\"><a href=\"mailto:&#103;i&#108;&#098;er&#116;&#111;&#064;&#099;i.uf&#112;&#098;.b&#114;\" class=\"wp-block-social-link-anchor\"><svg width=\"24\" height=\"24\" viewBox=\"0 0 24 24\" version=\"1.1\" xmlns=\"http:\/\/www.w3.org\/2000\/svg\" aria-hidden=\"true\" focusable=\"false\"><path d=\"M19,5H5c-1.1,0-2,.9-2,2v10c0,1.1.9,2,2,2h14c1.1,0,2-.9,2-2V7c0-1.1-.9-2-2-2zm.5,12c0,.3-.2.5-.5.5H5c-.3,0-.5-.2-.5-.5V9.8l7.5,5.6,7.5-5.6V17zm0-9.1L12,13.6,4.5,7.9V7c0-.3.2-.5.5-.5h14c.3,0,.5.2.5.5v.9z\"><\/path><\/svg><span class=\"wp-block-social-link-label screen-reader-text\">E-mail<\/span><\/a><\/li><\/ul>\n<\/div><\/div>\n","protected":false},"excerpt":{"rendered":"<p>Rob\u00f3tica AUGUSTO TAVARES CI &#8211; DEPARTAMENTO DE SISTEMAS DE COMPUTA\u00c7\u00c3O DAVI SANTOS CI &#8211; DEPARTAMENTO [&hellip;]<\/p>\n","protected":false},"author":47,"featured_media":0,"parent":10,"menu_order":0,"comment_status":"closed","ping_status":"closed","template":"","meta":{"_acf_changed":false,"footnotes":""},"class_list":["post-16","page","type-page","status-publish","hentry"],"acf":[],"_links":{"self":[{"href":"https:\/\/www.ci.ufpb.br\/laser\/wp-json\/wp\/v2\/pages\/16","targetHints":{"allow":["GET"]}}],"collection":[{"href":"https:\/\/www.ci.ufpb.br\/laser\/wp-json\/wp\/v2\/pages"}],"about":[{"href":"https:\/\/www.ci.ufpb.br\/laser\/wp-json\/wp\/v2\/types\/page"}],"author":[{"embeddable":true,"href":"https:\/\/www.ci.ufpb.br\/laser\/wp-json\/wp\/v2\/users\/47"}],"replies":[{"embeddable":true,"href":"https:\/\/www.ci.ufpb.br\/laser\/wp-json\/wp\/v2\/comments?post=16"}],"version-history":[{"count":15,"href":"https:\/\/www.ci.ufpb.br\/laser\/wp-json\/wp\/v2\/pages\/16\/revisions"}],"predecessor-version":[{"id":280,"href":"https:\/\/www.ci.ufpb.br\/laser\/wp-json\/wp\/v2\/pages\/16\/revisions\/280"}],"up":[{"embeddable":true,"href":"https:\/\/www.ci.ufpb.br\/laser\/wp-json\/wp\/v2\/pages\/10"}],"wp:attachment":[{"href":"https:\/\/www.ci.ufpb.br\/laser\/wp-json\/wp\/v2\/media?parent=16"}],"curies":[{"name":"wp","href":"https:\/\/api.w.org\/{rel}","templated":true}]}}